ate the remainder when 2207164 is divided by 807.
19
What is the remainder when 1119572 is divided by 33926?
14
Calculate the remainder when 502354 is divided by 196.
6
Calculate the remainder when 738317 is divided by 380.
357
Calculate the remainder when 15833 is divided by 334.
135
Calculate the remainder when 3579547 is divided by 44.
15
Calculate the remainder when 13486173 is divided by 1517.
43
Calculate the remainder when 6347 is divided by 181.
12
Calculate the remainder when 2062136469 is divided by 9141.
9138
What is the remainder when 437418 is divided by 25?
18
Calculate the remainder when 678163 is divided by 1823.
7
What is the remainder when 1163721 is divided by 7755?
471
Calculate the remainder when 316381 is divided by 1353.
1132
Calculate the remainder when 126551491 is divided by 100.
91
Calculate the remainder when 74435 is divided by 2374.
841
What is the remainder when 9575950 is divided by 8?
6
Calculate the remainder when 1307157 is divided by 15378.
27
What is the remainder when 13664395 is divided by 489?
268
Calculate the remainder when 33307 is divided by 625.
182
Calculate the remainder when 213383 is divided by 178.
139
Calculate the remainder when 1380148 is divided by 229438.
3520
What is the remainder when 38827604 is divided by 59?
58
What is the remainder when 195364 is divided by 17759?
15
Calculate the remainder when 2893124 is divided by 1058.
552
Calculate the remainder when 1798738 is divided by 4810.
4608
Calculate the remainder when 1882471 is divided by 1220.
11
What is the remainder when 6641411 is divided by 474383?
49
What is the remainder when 107271 is divided by 26442?
1503
What is the remainder when 15429919 is divided by 3188?
3187
What is the remainder when 677553 is divided by 436?
9
What is the remainder when 504335 is divided by 5205?
4655
Calculate the remainder when 9718 is divided by 192.
118
Calculate the remainder when 1022090649 is divided by 293.
290
What is the remainder when 2518528 is divided by 629625?
28
Calculate the remainder when 22594326 is divided by 7531428.
42
What is the remainder when 196701 is divided by 65509?
174
Calculate the remainder when 6468894 is divided by 190259.
88
What is the remainder when 514824425 is divided by 11354?
3
Calculate the remainder when 128912 is divided by 128475.
437
What is the remainder when 53610 is divided by 2187?
1122
Calculate the remainder when 33229608 is divided by 51.
48
What is the remainder when 11472270 is divided by 49?
47
What is the remainder when 95366918 is divided by 88?
86
Calculate the remainder when 1462474 is divided by 731146.
182
What is the remainder when 46583 is divided by 9367?
9115
What is the remainder when 2214537 is divided by 2214215?
322
Calculate the remainder when 489649 is divided by 16271.
1519
Calculate the remainder when 2371158 is divided by 153.
117
What is the remainder when 18072500 is divided by 274?
8
What is the remainder when 1022054 is divided by 1521?
1463
Calculate the remainder when 109608 is divided by 17757.
3066
What is the remainder when 8444 is divided by 8336?
108
What is the remainder when 2459040 is divided by 6927?
6882
What is the remainder when 149826681 is divided by 21?
18
Calculate the remainder when 18908567 is divided by 4727135.
27
Calculate the remainder when 4884582 is divided by 438.
6
What is the remainder when 281264 is divided by 9073?
1
What is the remainder when 2547691 is divided by 7475?
6191
What is the remainder when 2249339 is divided by 562316?
75
Calculate the remainder when 10614594 is divided by 3538061.
411
Calculate the remainder when 371786 is divided by 184388.
3010
Calculate the remainder when 374235 is divided by 28782.
69
Calculate the remainder when 1920594 is divided by 330.
324
Calculate the remainder when 331860 is divided by 3352.
12
What is the remainder when 481392 is divided by 238368?
4656
What is the remainder when 41835 is divided by 5831?
1018
Calculate the remainder when 1349597 is divided by 12493.
353
Calculate the remainder when 513630 is divided by 23297.
1096
What is the remainder when 199859 is divided by 13244?
1199
What is the remainder when 35217794 is divided by 72764?
18
Calculate the remainder when 1564403 is divided by 608.
19
Calculate the remainder when 30826 is divided by 30579.
247
Calculate the remainder when 19664973 is divided by 309.
213
What is the remainder when 283797 is divided by 70839?
441
What is the remainder when 1572801 is divided by 786384?
33
Calculate the remainder when 712731 is divided by 1043.
362
Calculate the remainder when 13152773 is divided by 10102.
10071
What is the remainder when 3202 is divided by 2266?
936
What is the remainder when 84057 is divided by 83803?
254
What is the remainder when 8958248 is divided by 255949?
33
Calculate the remainder when 50405 is divided by 548.
537
What is the remainder when 3343276 is divided by 41275?
1
What is the remainder when 61276119 is divided by 497?
492
What is the remainder when 1719213 is divided by 351?
15
Calculate the remainder when 93695 is divided by 4073.
16
Calculate the remainder when 662101899 is divided by 126.
123
What is the remainder when 510447 is divided by 183?
60
Calculate the remainder when 1366784 is divided by 198.
188
Calculate the remainder when 2744501 is divided by 2929.
28
Calculate the remainder when 197863 is divided by 5818.
51
Calculate the remainder when 26649459 is divided by 73.
6
Calculate the remainder when 14471040 is divided by 306.
300
What is the remainder when 56643449 is divided by 6841?
6810
Calculate the remainder when 138460 is divided by 21.
7
What is the remainder when 961237 is divided by 961120?
117
Calculate the remainder when 103358 is divided by 2025.
83
What is the remainder when 82460352 is divided by 30?
12
What is the remainder when 13952041 is divided by 21?
19
What is the remainder when 3165722 is divided by 79143?
2
Calculate the remainder when 37520 is divided by 1600.
720
Calculate the remainder when 193774 is divided by 1042.
1004
Calculate the remainder when 3567328977 is divided by 20.
17
Calculate the remainder when 40320 is divided by 602.
588
Calculate the remainder when 16459998 is divided by 2390.
68
Calculate the remainder when 1319427 is divided by 659703.
21
Calculate the remainder when 264610 is divided by 37797.
31
Calculate the remainder when 2395399 is divided by 2972.
2939
What is the remainder when 211273 is divided by 4225?
23
Calculate the remainder when 20000985 is divided by 1946.
1943
What is the remainder when 1197848 is divided by 5990?
5838
Calculate the remainder when 10916997 is divided by 151.
150
Calculate the remainder when 153227 is divided by 21829.
424
Calculate the remainder when 766684 is divided by 153327.
49
Calculate the remainder when 24701 is divided by 1542.
29
What is the remainder when 15964904 is divided by 886936?
56
What is the remainder when 20336111 is divided by 726289?
19
What is the remainder when 117328068 is divided by 99684?
0
What is the remainder when 1686047 is divided by 25546?
11
Calculate the remainder when 21669 is divided by 10193.
1283
What is the remainder when 248081 is divided by 1248?
977
What is the remainder when 11684088 is divided by 7?
3
Calculate the remainder when 3248612 is divided by 3642.
3590
What is the remainder when 301461 is divided by 3720?
141
Calculate the remainder when 1157467 is divided by 2991.
2941
What is the remainder when 25041069 is divided by 12647?
9
Calculate the remainder when 89665 is divided by 17931.
10
What is the remainder when 211727 is divided by 88?
87
What is the remainder when 3073871 is divided by 1024618?
17
What is the remainder when 4360058385 is divided by 108?
105
What is the remainder when 132790 is divided by 11049?
202
What is the remainder when 983072 is divided by 997?
30
What is the remainder when 96961480 is divided by 91646?
12
What is the remainder when 31870067 is divided by 10623348?
23
What is the remainder when 43240 is divided by 21175?
890
What is the remainder when 24235103 is divided by 138?
95
What is the remainder when 294825 is divided by 162?
147
Calculate the remainder when 148145 is divided by 347.
323
What is the remainder when 173722186 is divi